se 11
-531842
Convert -42532 (base 9) to base 13.
-ca64
Convert 856728 (base 10) to base 14.
18430c
-1100101101100110100 (base 2) to base 14
-abb48
What is -4546542 (base 7) in base 14?
-10a692
What is -406b6 (base 13) in base 8?
-341317
502986 (base 12) to base 16
130ef6
What is 2512575 (base 8) in base 10?
693629
What is -3343937 (base 11) in base 5?
-3000032042
1941812 (base 11) to base 15
44c631
-4995869 (base 10) to base 3
-100101211001012
What is -4574710 (base 12) in base 8?
-62710774
Convert 10122212121 (base 3) to base 12.
35867
Convert -110678 (base 14) to base 12.
-23a26a
What is 331020001 (base 4) in base 2?
111101001000000001
What is 3768176 (base 9) in base 14?
3b627c
What is 313405220 (base 6) in base 5?
2401203040
Convert -37698 (base 11) to base 6.
-1054201
What is -4f30a1 (base 16) in base 11?
-2a25194
What is 231111101 (base 4) in base 10?
185681
2520041 (base 7) to base 16
4f244
-1a114 (base 13) to base 3
-2120120102
What is 6640305 (base 7) in base 9?
1474013
10521574 (base 9) to base 8
23332271
What is -20001120000 (base 4) in base 7?
-23605365
112322023 (base 4) to base 10
93835
-101010010011011011 (base 2) to base 7
-1321114
14724a4 (base 12) to base 7
50052424
Convert -304433105 (base 6) to base 11.
-2a73867
What is 100100101010110001 (base 2) in base 10?
150193
3645332 (base 7) to base 5
104342103
-243585 (base 13) to base 8
-3230167
983f29 (base 16) to base 15
d21511
What is -2320111243 (base 5) in base 10?
-5238323
Convert 1000222020222221 (base 3) to base 6.
1250342554
3d13b5 (base 14) to base 10
2116371
What is -211455 (base 6) in base 7?
-101162
Convert 3163152 (base 7) to base 6.
12131403
Convert -274232 (base 8) to base 9.
-156222
2761b4 (base 12) to base 10
653464
Convert 1311012 (base 5) to base 11.
18396
Convert -10100120212 (base 3) to base 8.
-200766
Convert -1101001110000110001 (base 2) to base 15.
-88551
Convert 1114671 (base 8) to base 13.
a7301
560443 (base 9) to base 3
122000111110
What is -1b6406 (base 12) in base 3?
-220210020120
What is -460566 (base 8) in base 6?
-3202154
-212130 (base 9) to base 11
-86920
What is -35416172 (base 8) in base 16?
-761c7a
1551528 (base 11) to base 16
287753
3a8036 (base 15) to base 12
b36b96
Convert 3121211243 (base 5) to base 4.
120201210110
3ac78 (base 13) to base 9
176527
166063 (base 11) to base 9
431422
What is -3212220 (base 7) in base 11?
-246918
Convert 4866214 (base 9) to base 6.
132343451
Convert 1452243 (base 6) to base 12.
41083
Convert -3003431 (base 7) to base 3.
-122222212022
56082 (base 10) to base 3
2211221010
-8a827b (base 13) to base 7
-36554050
21b26b (base 16) to base 6
115155523
Convert 28466 (base 16) to base 7.
1254644
What is -86115 (base 14) in base 4?
-1033012213
-123021302 (base 4) to base 11
-76618
Convert 10247677 (base 8) to base 5.
1024324403
What is 284555 (base 9) in base 12?
84805
What is -322010002 (base 4) in base 15?
-4a701
What is 2c3ae (base 15) in base 10?
142589
-2130291 (base 10) to base 9
-4006180
-f0213 (base 16) to base 2
-11110000001000010011
What is -115010311 (base 6) in base 16?
-217b43
-20120120 (base 5) to base 10
-160660
What is 2e339 (base 16) in base 5?
22023431
What is -286257 (base 9) in base 3?
-22220021221
What is -110000010101000101000011 (base 2) in base 14?
-197b107
Convert 228250 (base 11) to base 16.
58759
What is 302033221 (base 4) in base 7?
1515001
What is -17ae5 (base 15) in base 4?
-102232223
-12114134 (base 6) to base 9
-643634
What is -1898422 (base 10) in base 9?
-3513127
What is -422447 (base 11) in base 9?
-1241210
-4903b (base 12) to base 8
-300357
Convert 12242323100 (base 5) to base 4.
320133031130
Convert -2d44a5 (base 16) to base 10.
-2966693
What is -31521403 (base 7) in base 16?
-28db99
What is 41463341 (base 8) in base 7?
134603525
Convert 15110600 (base 7) to base 11.
898393
Convert 3d2d8 (base 14) to base 9.
250735
What is -b61bc2 (base 13) in base 8?
-20177733
What is 4664643 (base 7) in base 4?
2033130111
What is -122021 (base 9) in base 11?
-50373
b112b (base 16) to base 5
141202131
What is -51879 (base 11) in base 16?
-12746
What is 1736ba (base 14) in base 15?
111d08
Convert -121110222001 (base 4) to base 13.
-14b5646
230213133 (base 4) to base 15
39236
Convert -4040221 (base 5) to base 4.
-33320211
What is -8036899 (base 10) in base 7?
-125212123
Convert 17b79 (base 14) to base 11.
40aa3
Convert -22064200 (base 7) to base 3.
-10120102220221
1120254 (base 7) to base 9
232183
-5865244 (base 11) to base 13
-2177487
Convert 920521 (base 10) to base 2.
11100000101111001001
Convert 4dadd2 (base 14) to base 5.
1141242001
-b6abaa (base 13) to base 14
-7d586a
10ad9 (base 14) to base 4
21321313
Convert -42220233 (base 5) to base 2.
-1010101110001010110
What is -11021013301 (base 4) in base 15?
-1b9671
Convert -19743 (base 14) to base 16.
-fc1f
What is -1111001101110001 (base 2) in base 7?
-346460
120211012120 (base 3) to base 16
4c089
-123854 (base 10) to base 14
-331ca
What is 8a4505 (base 15) in base 12?
2261088
-4671c (base 16) to base 8
-1063434
111333023 (base 4) to base 12
4414b
-1032022002 (base 4) to base 6
-10510030
Convert -1675224 (base 11) to base 16.
-2b722d
What is -141233252 (base 7) in base 14?
-131d799
What is -32314 (base 8) in base 10?
-13516
Convert -45cfc1 (base 16) to base 4.
-101130333001
-175041 (base 11) to base 16
-41f9e
What is 142086 (base 9) in base 10?
86829
-301345042 (base 6) to base 12
-1868182
Convert 1011001110110000111 (base 2) to base 6.
11515423
Convert 88970 (base 10) to base 6.
1523522
What is 2226c (base 16) in base 11?
96108
What is -64bf2 (base 16) in base 8?
-1445762
What is 5154448 (base 10) in base 8?
23523220
-101121342 (base 5) to base 11
-260748
What is d7f0 (base 16) in base 10?
55280
Convert 169e3f (base 16) to base 8.
5517077
Convert 3666b (base 12) to base 10.
73523
Convert -20111222201 (base 3) to base 10.
-128296
Convert 220110222221 (base 3) to base 15.
97b97
What is 1a67770 (base 11) in base 4?
31101221132
Convert -200144230 (base 6) to base 16.
-33785a
Convert 1110012010111 (base 3) to base 7.
6361624
-13a6a73 (base 13) to base 7
-104023051
4877755 (base 9) to base 7
31344242
4556221 (base 10) to base 14
868605
-aa36 (base 16) to base 8
-125066
What is -278555 (base 13) in base 7?
-11111522
Convert -3332013003 (base 4) to base 6.
-34150403
23a2a9 (base 13) to base 5
204210331
10001000100110000 (base 2) to base 14
1b6b6
Convert 5702072 (base 11) to base 7.
150616152
Convert -3648761 (base 9) to base 14.
-3980a7
1103230022 (base 4) to base 6
11203002
-1010011101201 (base 3) to base 16
-90f1f
Convert -373250 (base 8) to base 10.
-128680
Convert 195714 (base 12) to base 14.
b8304
Convert -4cfc0 (base 16) to base 12.
-132594
Convert -1032304431 (base 5) to base 6.
-115434125
What is -a37937 (base 11) in base 10?
-1664879
What is 10220020210 (base 3) in base 10?
76728
12231302303 (base 4) to base 9
3272768
-243040214 (base 5) to base 12
-471694
Convert 17817 (base 13) to base 4.
23010000
Convert 302341 (base 6) to base 10.
23893
Convert -1330222103 (base 4) to base 9.
-857375
11cdea5 (base 15) to base 9
26075642
Convert -1073a5 (base 16) to base 8.
-4071645
-52314522 (base 6) to base 5
-342044144
Convert -149443 (base 11) to base 7.
-1654515
What is 1a35b47 (base 12) in base 7?
65101255
What is -96498 (base 10) in base 13?
-34bcc
What is -978919 (base 11) in base 16?
-17dc37
Convert -110111010011110011010 (base 2) to base 13.
-4b5c19
What is -498648 (base 10) in base 11?
-310707
What is 101434141 (base 5) in base 10?
421171
Convert 52482a (base 11) to base 13.
235968
5995a16 (base 11) to base 7
154540323
Convert 55440200 (base 7) to base 16.
48fb2a
10245321 (base 7) to base 15
122593
-11021211002212 (base 3) to base 6
-120505552
18962 (base 12) to base 6
434202
What is 57150 (base 15) in base 11?
17a174
40127a9 (base 11) to base 3
111100221120010
What is -17c9172 (base 15) in base 3?
-1012122012010022
Convert -7ca7bd (base 14) to base 2.
-10000001110110000010011
What is 530662 (base 7) in base 6?
1543544
What is 564a68 (base 11) in base 12?
3747b9
Convert -240141050 (base 6) to base 9.
-8406103
-10232303211 (base 4) to base 10
-1240293
What is -835143 (base 11) in base 14?
-26c05c
-37aeed (base 15) to base 12
-a88b07
Convert a4a19 (